 a(12).
-3
Let t(g) = 14*g**2 - g - 2. Determine t(2).
52
Let j(z) = 10*z - 4. Give j(4).
36
Let l(h) = -h**2 - 5*h - 11. Calculate l(-4).
-7
Let b(q) = -6*q + 58. What is b(11)?
-8
Let f(d) = 41*d + 166. Give f(-4).
2
Let t(h) = 2*h**3 - 29*h**2 - 11*h - 55. Calculate t(15).
5
Let j(r) = r**2 - r + 9. Calculate j(0).
9
Let i(y) = -y - 6. Give i(4).
-10
Let m(q) = -q**3 + 2*q**2 + 13*q + 12. What is m(5)?
2
Let b(v) = v**3 + 5*v**2 + 7*v - 3. Give b(-2).
-5
Let c(g) = -2*g**2 - 16*g - 3. Determine c(-8).
-3
Let j(v) = 2*v**2 - 4*v - 3. Calculate j(4).
13
Let r(x) = x**2 + 18*x + 14. What is r(-9)?
-67
Let i(z) = z**3 + 2*z**2 - 4. Give i(-3).
-13
Let l(f) = -f**2 - 14*f - 16. Calculate l(-11).
17
Let r(j) = 3*j**3 - 16*j**2 - 9*j - 18. Give r(6).
0
Let s(x) = -x**3 + 9*x**2 - 8*x + 17. Give s(8).
17
Let s(l) = -5*l + 36. What is s(6)?
6
Let k(v) = -v**3 + v**2 - 6*v - 23. What is k(-3)?
31
Let o(y) = y**3 - 14*y**2 + 23*y - 84. Calculate o(13).
46
Let v(a) = -a**3 + 4*a**2 - 6*a + 12. Determine v(3).
3
Let a(n) = n**3 - 13*n**2 - n + 17. Determine a(13).
4
Let a(i) = i**3 - 19*i**2 + 20*i - 38. Determine a(18).
-2
Let p(z) = z**2 - 25*z + 6. Give p(25).
6
Let y(d) = d + 8. Determine y(-7).
1
Let m(g) = 2*g**3 - 2*g + 3. What is m(1)?
3
Let c(w) = -6*w + 5. Calculate c(4).
-19
Let b(k) = -5*k**2 - 19*k + 37. Calculate b(-5).
7
Let f(c) = c**2 - 3*c - 64. What is f(10)?
6
Let g(a) = -3*a + 7. Calculate g(4).
-5
Let i(r) = r**3 + 8*r**2 + 4*r + 7. Calculate i(-7).
28
Let n(a) = -2*a**3 - 2*a - 9. Calculate n(-2).
11
Let j(q) = -q**3 + 8*q**2 - 10*q - 11. What is j(5)?
14
Let r(g) = -11*g**3 - 2*g**2 - 2*g. What is r(-1)?
11
Let p(r) = r**2 - 4*r - 12. What is p(5)?
-7
Let l(t) = -26*t - 2. What is l(1)?
-28
Let m(n) = -n**2 - n + 27. Calculate m(-5).
7
Let f(p) = -5*p + 7. Determine f(0).
7
Let u(k) = -k + 4. Calculate u(3).
1
Let l(c) = -101*c - 1508. Calculate l(-15).
7
Let g(t) = t**2 + t - 22. Give g(5).
8
Let k(x) = -25*x - 943. Give k(-38).
7
Let j(b) = b**3 + 5*b**2 - 2*b + 20. What is j(-7)?
-64
Let c(b) = 6*b - 23. Determine c(8).
25
Let p(c) = 25*c + 1. Determine p(2).
51
Let p(n) = -104*n + 410. Determine p(4).
-6
Let w(p) = 2*p - 9. What is w(9)?
9
Let u(j) = -j**3 - 4*j**2 + 9*j + 42. Determine u(-3).
6
Let q(a) = -14*a**3 + 7*a**2 - 9*a + 2. What is q(1)?
-14
Let a(q) = -q**3 - 11*q**2 + 9*q + 101. What is a(-11)?
2
Let u(k) = k**3 - k**2 + k + 41. Calculate u(0).
41
Let m(b) = b**3 + 2*b**2 - 2*b + 1. Determine m(1).
2
Let a(y) = -2*y**3 - 12*y**2 - 6*y - 11. Determine a(-6).
25
Let b(a) = a**3 + 9*a**2 + 8*a - 1. Determine b(-8).
-1
Let t(d) = -8*d + 18. Determine t(6).
-30
Let x(h) = 21*h - 153. Give x(9).
36
Let o(u) = 50*u - 41. Determine o(1).
9
Let y(t) = t**3 - 13*t**2 + 11*t + 19. Calculate y(12).
7
Let w(c) = -2*c**2 - 9*c - 13. Calculate w(-6).
-31
Let y(i) = -i - 1. Calculate y(1).
-2
Let i(v) = -2*v**3 + 31*v**2 - 6*v - 134. What is i(15)?
1
Let r(f) = f**2 + 11*f - 14. What is r(-12)?
-2
Let f(d) = -d**2 - 10*d - 3. Determine f(-10).
-3
Let l(m) = m**3 - 5. Calculate l(-3).
-32
Let o(a) = a**2 + 6*a - 9. What is o(-7)?
-2
Let r(b) = -b + 16. Determine r(16).
0
Let j(a) = a**3 - 2*a**2 + 2*a + 2. Calculate j(2).
6
Let l(z) = 2*z**2 - 85*z - 121. Give l(44).
11
Let w(i) = -3*i - 9. Calculate w(-10).
21
Let j(k) = -k**2 + 5*k + 43. Calculate j(0).
43
Let v(u) = -10*u - 1. Determine v(-3).
29
Let f(p) = -p**3 + 6*p**2 - 6*p - 1. Give f(5).
-6
Let m(s) = -5*s**2 + 13*s - 30. Calculate m(4).
-58
Let u(j) = j - 7. Calculate u(4).
-3
Let o(g) = g**3 + 5*g**2 + 9*g - 1. Give o(-2).
-7
Let s(w) = w**2 - 10*w + 8. What is s(8)?
-8
Let i(u) = u + 2. Determine i(8).
10
Let g(n) = n - 9. Give g(0).
-9
Let n(k) = 79*k - 79. Calculate n(1).
0
Let j(u) = u**2 + u - 7. Determine j(-6).
23
Let o(f) = -f**3 - 2*f**2 + 11*f + 6. What is o(-4)?
-6
Let m(c) = -c - 2. What is m(-5)?
3
Let y(o) = 9*o**2 - o. What is y(-1)?
10
Let l(c) = c**2 - 14*c + 9. Give l(16).
41
Let o(k) = -k**2 + 41*k - 110. What is o(37)?
38
Let w(b) = b**2 - 12*b + 13. Determine w(13).
26
Let i(q) = -2*q**2 + 27*q - 11. Give i(13).
2
Let u(x) = x**2 - 10*x + 13. Give u(6).
-11
Let v(q) = -q + 24. Give v(17).
7
Let z(o) = -o**3 + 11*o**2 + 12*o + 9. What is z(12)?
9
Let a(z) = -z**3 - 4*z**2 + 118*z + 20. Give a(-13).
7
Let c(w) = w**3 + 4*w**2 - 57*w + 24. Determine c(-10).
-6
Let u(h) = 50*h + 94. What is u(-2)?
-6
Let d(g) = -g**3 - 3*g**2 - 3*g - 2. Calculate d(-6).
124
Let p(w) = w**3 + 5*w**2 - 3*w + 15. What is p(-6)?
-3
Let a(d) = -d**2 + 22. Give a(0).
22
Let v(p) = 4*p**2 + 11*p - 46. Calculate v(3).
23
Let f(j) = -2*j**2 - 3*j - 13. Give f(0).
-13
Let j(y) = -31*y - 62. What is j(-2)?
0
Let n(q) = 12*q + 1. What is n(2)?
25
Let i(u) = -u**2 - u - 15. Give i(0).
-15
Let l(h) = -57*h - 14. Give l(-1).
43
Let x(g) = 2*g**2 + 6*g. Calculate x(-7).
56
Let i(p) = 5*p - 18. Calculate i(4).
2
Let p(k) = -3*k + 27. Give p(11).
-6
Let t(a) = 3*a**3 + 54*a**2 - 4*a - 63. Give t(-18).
9
Let d(w) = w**3 - 7*w**2 - 7*w + 2. Give d(8).
10
Let j(u) = -33*u - 144. Give j(-4).
-12
Let y(v) = -v**2 + 12*v - 3. Determine y(11).
8
Let u(z) = -6*z + 3. What is u(-2)?
15
Let z(j) = -2*j**3 + 4*j + 10. Determine z(0).
10
Let k(y) = -21*y + 4. Give k(2).
-38
Let h(m) = -6*m - 2. Give h(5).
-32
Let u(z) = -z**3 - 6*z**2 - 6*z + 2. Calculate u(-4).
-6
Let f(i) = 4*i - 78. Determine f(21).
6
Let i(g) = 3*g + 25. Calculate i(-7).
4
Let i(z) = -z**3 + 25*z**2 - 24*z + 13. What is i(24)?
13
Let i(o) = 3*o + 28. Determine i(-13).
-11
Let p(a) = -a**3 - 6*a**2 + 5*a - 8. Calculate p(-7).
6
Let y(d) = d**2 - 25*d - 184. What is y(-6)?
2
Let b(t) = t**3 + 11*t**2 + 18*t + 1. Give b(-9).
1
Let w(o) = -o**3 - 4*o**2 + 2*o + 15. Give w(-5).
30
Let d(p) = -p**3 - 15*p**2 - 6*p + 57. What is d(-14)?
-55
Let i(h) = 22*h - 1. What is i(1)?
21
Let i(j) = -j - 9. Determine i(-1).
-8
Let c(j) = -j**3 + 21*j**2 - 36*j - 34. Determine c(19).
4
Let z(d) = -d**2 + 2. What is z(-5)?
-23
Let g(w) = w**2 + 13*w + 24. Determine g(-10).
-6
Let w(o) = o + 17. Calculate w(9).
26
Let r(a) = -a**2 + 6*a - 8. Calculate r(5).
-3
Let l(a) = a**2 - 6. What is l(0)?
-6
Let x(l) = -2*l. Give x(6).
-12
Let z(i) = i**2 + 11*i + 11. Determine z(-8).
-13
Let u(k) = -k**2 + 2*k + 45. Calculate u(0).
45
Let w(i) = i**3 + 31*i**2 + 29*i - 45. Calculate w(-30).
-15
Let q(m) = m**2 - 8*m - 9. Determine q(8).
-9
Let a(j) = 2*j**2 - 3*j + 2. Calculate a(4).
22
Let y(s) = -13*s + 481. Calculate y(36).
13
Let n(k) = -22*k**2 - k. Determine n(-1).
-21
Let a(c) = 2*c**3 + 8*c**2 + 4*c + 15. What is a(-4)?
-1
Let r(y) = 18*y - 82. What is r(9)?
80
Let m(g) = g**2 + 23*g - 34. What is m(-25)?
16
Let p(y) = y**3 + y**2 + y - 4. What is p(0)?
-4
Let x(s) = 17*s - 90. What is x(3)?
-39
Let h(z) = -10*z - 125. Calculate h(-15).
25
Let q(h) = -8*h - 5. Determine q(-2).
11
Let v(p) = 10*p - 66. Determine v(10).
34
Let y(n) = -n**2 + 11*n + 10. Give y(10).
20
Let o(f) = f - 10. Calculate o(14).
4
Let x(s) = -2*s**3 + 9*s**2 - 4*s + 2. What is x(4)?
2
Let b(t) = 2*t - 10. Determine b(-7).
-24
Let u(g) = g**3 + 7*g**2 - 4*g + 5. Calculate u(-4).
69
Let a(x) = 3*x + 52. Determine a(-17).
1
Let g(k) = k - 6. Calculate g(5).
-1
Let t(d) = -36*d**2 - 3*d - 2. Calculate t(-1).
-35
Let h(x) = -4*x - 46. Determine h(-12).
2
Let v(r) = -r**3 - 36*r**2 + 40*r + 97. What is v(-37)?
-14
Let r(q) = q**3 + 5*q**2 + 3*q + 4. What is r(-5)?
-11
Let j(c) = 20*c - 258. Determine j(14).
22
Let n(i) = -i**3 - 6*i**2 + 2*i + 4. What is n(-6)?
-8
Let m(p) = p**3 + 13*p**2 - 32*p - 19. Determine m(-15).
11
Let m(v) = v**3 + 5*v**2 + 2*v - 6. Give m(-3).
6
Let a(q) = q**3 - 33*q**2 + 34*q - 66. What is a(32)?
-2
Let n(o) = o**3 + 9*o**2 + 10*o + 8. Determine n(-8).
-8
Let h(c) = c**3 - 4*c**2 + 4*c + 12. What is h(5)?
57
Let d(c) = -c**2 + 19*c - 32. Calculate d(2).
2
Let k(f) = -2*f**2 - 2*f + 16. What is k(-4)?
-8
Let r(p) = -p**3 - 6*p**2 - p + 16. Calculate r(-5).
-4
Let j(c) = -6*c**2 - 33*c - 4. What is j(-5)?
11
Let d(f) = 7*f**3 + 3*f**2 + 11*f - 13. What is d(1)?
8
Let p(z) = z**2 - 20*z + 89. What is p(8)?
-7
Let n(p) = p**3 - 2*p**2 - p + 22. Calculate n(0).
22
Let a(b) = -10*b**3 + b**2 - 2*b. Calculate a(1).
-11
Let g(y) = -y**3 - 3*y**2 - 7. Determin